prime factors of o?
2, 3
Suppose -12*b + 20 = -7*b. Suppose 0 = -b*v - 8 + 8. Suppose 4*u - 161 - 107 = v. List the prime factors of u.
67
Let u(c) = 2113*c - 93. What are the prime factors of u(7)?
2, 7349
Let d(i) = 87*i - 114. Suppose 9 = -3*m, 2*o - 5*m - 40 = -15. What are the prime factors of d(o)?
3, 107
Suppose -3*q + 5*l + 180436 = 0, 418*q - 5*l = 426*q - 481071. What are the prime factors of q?
7, 11, 71
Suppose -18 = -43*t + 46*t, -55216 = -4*a - 4*t. List the prime factors of a.
2, 5, 1381
Let d = 29836 - -4538. List the prime factors of d.
2, 3, 17, 337
Suppose 0 = 2*p + k - 2256 - 684, 1476 = p + 2*k. What are the prime factors of p?
2, 367
Suppose 9369 = -3*m + 6*m - d, -3136 = -m - 4*d. What are the prime factors of m?
2, 11, 71
Let a(c) = -36*c**3 + 3*c**2 - 85*c. What are the prime factors of a(-5)?
2, 5
List the prime factors of 44*593*(957/58)/33.
2, 11, 593
Let i = -10676 + 34320. List the prime factors of i.
2, 23, 257
Let t(o) = 391*o**2 - 30*o - 207. List the prime factors of t(-7).
2, 11, 13, 67
Suppose -39*b + 74264 = -146905. What are the prime factors of b?
53, 107
Suppose 11*i = 38*i + 9*i - 652968. What are the prime factors of i?
2, 3, 3023
Let n(v) = 7*v - 6. Let b be n(3). Suppose 0 = 72*i - 67*i - b. List the prime factors of (i/6)/((-1)/(-28)).
2, 7
Let d be (330/(-105))/(3/7)*-6. What are the prime factors of -869*(-1)/2 - d/88?
2, 7, 31
Suppose 270*j = 3843509 - 685049. List the prime factors of j.
2, 5849
Let u(z) = 853*z**2 + 328*z + 114. List the prime factors of u(-9).
3, 5, 7, 631
Let t = 9931 - 4956. List the prime factors of t.
5, 199
Let r(m) = m**3 - 2*m**2 - 12*m + 1423. Suppose 2*j = -2*f + 115 - 119, -4 = -3*f + 2*j. List the prime factors of r(f).
1423
Let u be ((-30)/(-4))/((-27)/(-90)). Suppose -3*k = -z - 5109, -28*k + u*k + 4*z = -5109. What are the prime factors of k?
13, 131
Suppose -37*u = -34*u + 18. Let c be (1 - 6)/((-3)/u). What are the prime factors of -35*((-192)/45 + c/(-15))?
2, 3, 7
Suppose 0 = 2*m - 118 + 8. Suppose 0 = -52*n + m*n - 93. Suppose -n - 9 = -2*j. List the prime factors of j.
2, 5
Suppose 3*r + 13 = 178. Suppose 3*z = 113 + r. Let o = 153 - z. What are the prime factors of o?
97
Let p = -11 - -189. Suppose -4*n + 1774 = -p. List the prime factors of n.
2, 61
Suppose -2533 = 31*s + 40819 - 445081. List the prime factors of s.
12959
Let x = -8 + 30. Suppose -x = -2*q - 18. Suppose q*i + 378 = 5*i. What are the prime factors of i?
2, 3, 7
Suppose 108*i + 258289 = 281*i. What are the prime factors of i?
1493
Suppose -102*t + 901 = -49*t. List the prime factors of t.
17
Let d = 19 - 16. Suppose -h = i - 8, -d*i - 4*h = -i - 18. List the prime factors of i/35 + (-204)/(-5).
41
List the prime factors of (-11949)/42*(-434)/(2 + 5).
31, 569
Suppose -5*r + 4*h + 30510 = 0, 0*h = -4*r - 4*h + 24444. List the prime factors of r.
2, 43, 71
Let y(z) be the first derivative of -z**5/30 - 3*z**4/2 + 8*z**3/3 + 12*z**2 - 19. Let i(s) be the second derivative of y(s). List the prime factors of i(-12).
2, 5
Let c(f) = 11091 - f**3 - 11113 + 6*f - 2*f**2 + 0*f. List the prime factors of c(-5).
23
Let d(s) be the third derivative of -59*s**4/24 - 43*s**3/3 - 41*s**2. What are the prime factors of d(-7)?
3, 109
Let j(b) = 78 - 38 + b + 1310*b**3 + 7*b**2 - 42 - 6*b. List the prime factors of j(1).
2, 5, 131
Suppose -84*c + 82*c - 4*s = -8094, -4*c + 16118 = -2*s. List the prime factors of c.
37, 109
What are the prime factors of (-3864)/(-552) + 425*41?
2, 2179
Suppose -2948*j + 2898*j = 450. Let m(c) = -7*c + 52. Let f(d) = 27*d - 209. Let q(z) = 2*f(z) + 9*m(z). What are the prime factors of q(j)?
131
Suppose 4*n + 11329 = 3*x, 21 = -n + 17. List the prime factors of x.
3, 419
Let o = 15490 + -9666. Suppose -6*v = 7*v - o. List the prime factors of v.
2, 7
Suppose -93*d = -234*d + 2631765. List the prime factors of d.
5, 3733
Suppose -f + 4*a + 116 = 0, a - 16 = -3*a. Let o be (-3)/(-21) - (2 + f/(-7)). Suppose 0 = 5*x + o - 172. List the prime factors of x.
31
Suppose -3*b + 2*i = -8066, 21 = -4*i + 17. List the prime factors of b.
2, 3, 7
Let t = -1184 + 7801. What are the prime factors of t?
13, 509
Let f be (34/102)/((-1)/51). Let n = 11 + f. What are the prime factors of (-31 - 3)*n/30*10?
2, 17
Let s(l) = -1060*l**3 - 6*l**2 - 4*l + 1. Suppose -2*b - 9 + 7 = 0. List the prime factors of s(b).
3, 353
Let k be 3/24 - -703*1/8. Let j = k - -40. List the prime factors of j.
2
Suppose -5*o = 4*h + 35, -o + 3*o - 10 = 0. Let g be (h/2*6)/(2/(-6)). Suppose 0*z + 276 = 4*z + 4*y, 2*z - g = -5*y. What are the prime factors of z?
2, 5, 7
Let d(y) = y**3 - 5*y**2 - 3*y + 8. Let t be 1*-2 - -5 - (-27)/(-9). Suppose t = -4*i - 19 + 43. What are the prime factors of d(i)?
2, 13
What are the prime factors of 2/(-3) - (-1818)/36*4344/9?
2, 7, 1741
What are the prime factors of (2235/(-9))/((-37)/111)?
5, 149
List the prime factors of 190/8*(-96696)/(-255).
2, 3, 19, 79
Let w(q) = q**3 + 94*q + 2 + 27*q**2 - 5*q**2 - 73*q. Let h be w(-21). Let z(l) = 18*l**2 + 4. List the prime factors of z(h).
2, 19
Let c = -174 - -221. Let l = -140 - -554. Suppose -4*a + 2*d + l = 0, 2*d = 2*a - c - 161. List the prime factors of a.
103
Suppose 9*n = 4 + 86. Let u be n/(-30)*19*3. Let r = 83 + u. List the prime factors of r.
2
Suppose -10*n + 11405 = -27905. List the prime factors of n.
3931
Let k(q) = -q**3 + 9*q**2 + 3*q - 19. Suppose -3*p = 3*m - 27 + 6, 0 = m - 3*p - 15. Let n be k(m). Suppose -387 = -n*t - t. List the prime factors of t.
43
Suppose -5*b - 31 - 69 = 0. Let d be (b/7)/(26/(-1183)). Suppose -134 = -2*p + d. What are the prime factors of p?
2, 3, 11
Suppose -k - 59*c + 8277 = -56*c, -4*k + 2*c + 33192 = 0. List the prime factors of k.
3, 5, 7, 79
Let g be 3/2*-3*350/7. Let v = 447 + g. Let m = v + -121. List the prime factors of m.
101
Let r = -28 - -59. Suppose 53 - 138 = -h + 2*o, -5*h - o = -458. Let x = r + h. List the prime factors of x.
2, 61
Let g = -599 + 268. Let t = 88 - g. List the prime factors of t.
419
Suppose -104*u + 7*u + 550555 = -1384401. What are the prime factors of u?
2, 4987
Suppose -4*m + 6549 + 78377 = -2*n, 4*n + 20 = 0. List the prime factors of m.
13, 23, 71
Suppose -20*p = -13*p - 28. List the prime factors of (p - 7/2)/(1/2256).
2, 3, 47
Suppose 3*n + 3*z - 23844 = 0, -4*n - 2*z + 5*z = -31806. What are the prime factors of n?
2, 3, 5, 53
Let f(v) = -25*v - 22. Let d be f(-1). Suppose d*p + 24 = 3*u - 87, 3*p - 84 = -2*u. What are the prime factors of u?
3, 13
What are the prime factors of -22 - (-21 + 239736/(-12))?
3, 6659
Suppose -21*s + 4*v + 3254 = -20*s, -4*v = -20. What are the prime factors of s?
2, 1637
Let g = -13 - 19. Let w be g + (-1 + 2)*1. List the prime factors of (-21)/42 - w/2.
3, 5
Let f = -285 + 295. List the prime factors of (f/8)/(76/26448).
3, 5, 29
Suppose -5*d + d = -20. Suppose -8*x - d = -9*x. Suppose -j = -v - 53, x*j = -0*v + 3*v + 263. What are the prime factors of j?
2, 13
Let y be (19/19)/((-1)/9). Let k(f) = -f**3 - 11*f**2 - 18*f + 4. Let d be k(y). Suppose 80 - 8 = d*q. What are the prime factors of q?
2, 3
List the prime factors of 4/(28 - 24)*74801.
131, 571
Let c(l) = 2*l - 1. Let m be c(-8). Let y = -19 - m. List the prime factors of (156 - 4)/((-4)/y).
2, 19
Let x be (-4 - 475/(-10))*(-40)/(-6). Suppose 0 = i - 20 - x. List the prime factors of i.
2, 5, 31
Suppose -37*l - 13926687 = -56*l - 340*l. List the prime factors of l.
3, 67, 193
Let n be 6573/441 + 4/42. Suppose n*m = -635 + 7475. List the prime factors of m.
2, 3, 19
Let v = -136 - -142. List the prime factors of (1928/v)/((-18)/(-27)).
2, 241
Let o = 62900 - 40404. What are the prime factors of o?
2, 19, 37
Let w(q) = 214*q + 117. Let s(p) = -107*p - 58. Let g(c) = -11*s(c) - 6*w(c). List the prime factors of g(-7).
5, 137
Suppose 5*i - 4*o = 55, 3*i = 5*o + 4 + 16. Suppose -a - 6*k + k + 29 = 0, 0 = -3*k + i. List the prime factors of (-235)/(-1 - (-4 + a)).
5, 47
Let t(w) = 163*w - 8. Let c(p) = -p - 5. Let b be c(1). Let i be b/(-21) - 1/(28/(-20)). What are the prime factors of t(i)?
5, 31
Let k be 6 - (16 - 471)*(-48)/(-1). Suppose 19*c = k + 1999. What are the prime factors of c?
5, 251
What are the prime factors of ((-2800)/126 - -22) + (2 - (-473726)